factors of 260893982?
2, 130446991
List the prime factors of 510325439.
13, 97, 404699
List the prime factors of 862062877.
13, 17, 3900737
What are the prime factors of 68623359?
3, 7, 199, 16421
What are the prime factors of 60948810?
2, 3, 5, 13, 113, 461
List the prime factors of 381687058.
2, 190843529
List the prime factors of 47672574.
2, 3, 7945429
List the prime factors of 91038634.
2, 89, 511453
What are the prime factors of 1800183856?
2, 17, 6618323
List the prime factors of 73856531.
7, 479, 22027
What are the prime factors of 2789823310?
2, 5, 37, 7540063
What are the prime factors of 462193785?
3, 5, 853, 12041
What are the prime factors of 53248350?
2, 3, 5, 29, 12241
What are the prime factors of 1934967659?
17, 9619, 11833
What are the prime factors of 476481496?
2, 59560187
List the prime factors of 629888668.
2, 113, 1393559
What are the prime factors of 59381587?
59381587
List the prime factors of 366730049.
7, 47, 1114681
List the prime factors of 758173696.
2, 7, 31, 853
What are the prime factors of 1405212854?
2, 702606427
What are the prime factors of 21378693?
3, 7, 349, 2917
What are the prime factors of 65870551?
23, 239, 521
What are the prime factors of 568132028?
2, 142033007
List the prime factors of 448030384.
2, 28001899
What are the prime factors of 4942834313?
4942834313
What are the prime factors of 133550005?
5, 1063, 25127
List the prime factors of 1229493446.
2, 614746723
List the prime factors of 218100998.
2, 167, 652997
What are the prime factors of 116302058?
2, 58151029
List the prime factors of 5499907272.
2, 3, 241, 316961
What are the prime factors of 30072548?
2, 11, 67, 101
What are the prime factors of 6457279894?
2, 13, 5903, 42073
What are the prime factors of 9548658?
2, 3, 7, 25261
What are the prime factors of 63948547?
13, 19, 89, 2909
List the prime factors of 468620437.
468620437
What are the prime factors of 247428449?
151, 1638599
What are the prime factors of 477902967?
3, 5507, 28927
List the prime factors of 16947190.
2, 5, 13, 130363
What are the prime factors of 727378795?
5, 11, 13, 23, 4021
List the prime factors of 1513511795.
5, 302702359
List the prime factors of 142920905.
5, 28584181
What are the prime factors of 1435194374?
2, 19, 37768273
What are the prime factors of 43050402?
2, 3, 47, 151, 337
List the prime factors of 778562424.
2, 3, 1123, 9629
What are the prime factors of 72622704?
2, 3, 7, 11, 401
List the prime factors of 67448328.
2, 3, 19, 23, 59, 109
List the prime factors of 524276897.
524276897
What are the prime factors of 1378961038?
2, 7, 13, 1082387
What are the prime factors of 263779450?
2, 5, 11, 479599
What are the prime factors of 105556122?
2, 3, 7, 93083
List the prime factors of 87784117.
87784117
List the prime factors of 749539831.
749539831
List the prime factors of 254331220.
2, 5, 11, 13, 17, 5231
List the prime factors of 540912377.
18013, 30029
What are the prime factors of 7996930264?
2, 29, 34469527
List the prime factors of 393919817.
367, 1073351
What are the prime factors of 4029655462?
2, 7, 287832533
List the prime factors of 64916746.
2, 1459, 22247
List the prime factors of 80510562.
2, 3, 11, 19, 21401
List the prime factors of 1677873815.
5, 1229, 273047
List the prime factors of 321944416.
2, 1291, 7793
What are the prime factors of 55155192?
2, 3, 53, 131, 331
What are the prime factors of 25037184?
2, 3, 113, 577
List the prime factors of 1121128802.
2, 560564401
List the prime factors of 1455056529.
3, 193, 2513051
List the prime factors of 12956117.
12956117
List the prime factors of 5600108642.
2, 257, 10895153
List the prime factors of 144733022.
2, 7, 47, 219959
What are the prime factors of 143442712?
2, 7, 67, 38231
What are the prime factors of 12828821?
12828821
List the prime factors of 9695299.
9695299
List the prime factors of 2982245299.
11, 271113209
List the prime factors of 303849818.
2, 479, 317171
What are the prime factors of 625402071?
3, 7, 9927017
What are the prime factors of 46629089?
13, 3586853
List the prime factors of 4076832745.
5, 41, 2129, 9341
What are the prime factors of 470767265?
5, 94153453
What are the prime factors of 66956830?
2, 5, 769, 8707
What are the prime factors of 877642959?
3, 1999, 146347
List the prime factors of 83082321.
3, 7, 43, 10223
What are the prime factors of 64232922?
2, 3, 13, 823499
List the prime factors of 1221429875.
5, 9771439
List the prime factors of 3936180296.
2, 19, 25895923
List the prime factors of 39871361.
39871361
What are the prime factors of 4456546?
2, 29, 76837
List the prime factors of 30383234.
2, 7, 389, 797
List the prime factors of 21130384.
2, 11, 211, 569
What are the prime factors of 885657608?
2, 11, 73, 137867
What are the prime factors of 60514211?
60514211
What are the prime factors of 2242032391?
59, 71, 535219
What are the prime factors of 68624175?
3, 5, 643, 1423
What are the prime factors of 434289902?
2, 217144951
What are the prime factors of 4128264286?
2, 127, 16253009
What are the prime factors of 110293474?
2, 31, 1778927
What are the prime factors of 634693816?
2, 227, 373, 937
What are the prime factors of 3425688762?
2, 3, 570948127
What are the prime factors of 263663501?
229, 1151369
List the prime factors of 506055803.
11, 59, 779747
List the prime factors of 8753182285.
5, 1750636457
List the prime factors of 27328519.
157, 174067
What are the prime factors of 3745480?
2, 5, 93637
List the prime factors of 48101172.
2, 3, 7, 572633
What are the prime factors of 6381087967?
541, 11794987
What are the prime factors of 89293424?
2, 11, 507349
What are the prime factors of 176214562?
2, 47, 1874623
List the prime factors of 55551434.
2, 181, 153457
What are the prime factors of 428457542?
2, 29, 254731
What are the prime factors of 41456446?
2, 151, 137273
What are the prime factors of 232150917?
3, 83, 932333
List the prime factors of 20683164.
2, 3, 23, 137, 547
What are the prime factors of 19498417?
283, 68899
What are the prime factors of 723471268?
2, 13, 13912909
What are the prime factors of 73448915?
5, 14689783
List the prime factors of 514872157.
53, 83, 117043
List the prime factors of 78590465.
5, 307, 51199
List the prime factors of 169444426.
2, 84722213
List the prime factors of 2159519.
2159519
What are the prime factors of 20260051?
7, 83, 34871
What are the prime factors of 62164057?
62164057
What are the prime factors of 33421870?
2, 5, 173, 19319
What are the prime factors of 118654146?
2, 3, 13, 103, 547
What are the prime factors of 3257360636?
2, 239, 3407281
List the prime factors of 2669159830.
2, 5, 31, 1039, 8287
What are the prime factors of 58356709?
307, 433, 439
What are the prime factors of 710518397?
41, 443, 39119
What are the prime factors of 135489388?
2, 17, 43, 46337
List the prime factors of 1791449328.
2, 3, 31, 1203931
What are the prime factors of 150335212?
2, 1061, 35423
What are the prime factors of 1302228311?
139, 9368549
What are the prime factors of 433207185?
3, 5, 23, 73, 103, 167
List the prime factors of 1548405589.
19, 1697, 48023
List the prime factors of 128254.
2, 7, 9161
What are the prime factors of 46427591?
7, 587, 11299
What are the prime factors of 1035419425?
5, 17, 79, 30839
What are the prime factors of 1750956572?
2, 437739143
What are the prime factors of 810866?
2, 7, 17, 3407
List the prime factors of 476085048.
2, 3, 19836877
List the prime factors of 2128777374.
2, 3, 23, 15425923
List the prime factors of 10153045.
5, 7, 29, 1429
List the prime factors of 593168886.
2, 3, 10984609
What are the prime factors of 26489359?
13, 2037643
List the prime factors of 59070336.
2, 3, 13, 11833
What are the prime factors of 399684251?
399684251
List the prime factors of 363801083.
79, 4605077
What are the prime factors of 16112129?
11, 79, 18541
What are the prime factors of 1758204649?
31, 56716279
What are the prime factors of 68388772?
2, 1571, 10883
List the prime factors of 1816435.
5, 433, 839
What are the prime factors of 342930174?
2, 3, 57155029
What are the prime factors of 61512847?
11, 5592077
List the prime factors of 64717281.
3, 71, 101279
List the prime factors of 142676486.
2, 71338243
What are the prime factors of 1999640455?
5, 73, 1